 -26. Suppose h = 4*w - 16, -q*w = -3*w + 4*h - 21. What is the greatest common factor of 40 and w?
5
Let q be (-4669)/(-8) - (-153)/408. Calculate the highest common divisor of q and 73.
73
Suppose 40*i + 124 = 42*i. Calculate the greatest common divisor of 403 and i.
31
Let l be 2/(-2) - (31 - -1). Let y = 15 - l. Let i(d) = 10*d**2 - 61*d - 65. Let a be i(-1). Calculate the highest common factor of a and y.
6
Let m be (-27)/(-135) - 10324/(-5). What is the highest common divisor of 35 and m?
35
Suppose -z = -5*y + 27, -z - 3*z + 18 = y. Suppose -9 - 11 = f. Let q = f - -29. Calculate the highest common factor of y and q.
3
Let i(l) = l**3 + 35*l**2 - 4*l - 120. Let n be i(-35). Let w(y) = 4*y - 3. Let j be w(4). Let m = j - 9. Calculate the greatest common factor of m and n.
4
Suppose w - 9 = 5*i + 6, 2*w - 3*i - 9 = 0. Suppose -3*t + s = -w*t - 12, 0 = 4*t + 5*s + 3. What is the highest common factor of t and 3?
3
Suppose 11*p - 7*p = 0. Suppose p = -5*x + 20, 72 = 7*g - 3*g - 4*x. What is the highest common factor of g and 2?
2
Suppose 223*l = 209*l + 1260. What is the greatest common factor of l and 300?
30
Suppose 4*p - 166 = 5*k + 34, 3*k = 0. Let m be (0 - 3) + 4*32. Calculate the greatest common factor of p and m.
25
Let i = 13 - 23. Let j = 17 + i. Let q = -3 - -17. What is the highest common divisor of q and j?
7
Let t be -2 + 2 - -5 - -319. Calculate the highest common divisor of t and 24.
12
Suppose -13 = l - 3*l - 5*t, l - 4*t = 0. Suppose 4*i + l = 8. Let b be (-288)/(i - 4) - -3. What is the highest common factor of 11 and b?
11
Let u be (1 + 1 - 4)/(146/(-4745)). What is the greatest common factor of u and 1365?
65
Suppose 0 = 2*m - o - 6, -4*m - 4*o + 3*o + 18 = 0. Suppose -2*d + m*d = -74. Let l = d + 49. Calculate the highest common factor of l and 18.
6
Let d(k) = -k + 10. Let w be d(7). Suppose 1024 = 3*g - 1017 + 2038. What is the greatest common divisor of w and g?
1
Suppose 3*j - 9 = 0, 4*v - 325 = 4*j - 77. Let u = 79 - v. What is the highest common divisor of 98 and u?
14
Suppose 24 = -3*y + u + 1, 3 = -y - 2*u. Let p = 18 + y. Let f = 25 + 96. What is the highest common divisor of p and f?
11
Suppose 12 = 4*b - 2*q + 4*q, -4*b + 2*q = -20. Suppose 0 = b*c - 22 - 42. What is the highest common factor of 8 and c?
8
Let u(h) = 3*h. Let t be u(-6). Let o be (-1)/(1/t*-3). Let p(y) = y**3 + 7*y**2 - 4*y - 8. Let v be p(o). What is the greatest common factor of 13 and v?
13
Let a = 45 - -135. What is the highest common factor of 20 and a?
20
Suppose 136 = 2*x + 3*x - n, -1 = n. Let f be -24 - (-1 + 4 + -6). Let s = x + f. Calculate the highest common factor of 48 and s.
6
Suppose 0 = 4*v + 4*g + 4, 3*v - 1 = -2*g. Let c = 21 - 69. Let k be c/40*(-20)/v. What is the greatest common factor of k and 64?
8
Let x(l) = -26*l - 51. Let q be x(-6). What is the greatest common divisor of 60 and q?
15
Let s = -5 + 24. Suppose 2*t = 17 + s. Let b(j) = -j**3 + 6*j**2 - 6*j + 1. Let z be b(4). Calculate the highest common factor of z and t.
9
Suppose 0*y - y + 3 = 0. Let l(c) be the first derivative of c**2/2 + 15*c - 3. Let m be l(0). Calculate the greatest common divisor of y and m.
3
Suppose 3*f = -2*c + 865, -855 = -3*f + c + 2*c. Suppose 5*q - f = 213. Calculate the highest common factor of q and 20.
20
Let p = 7 - 13. Let z be ((-44)/(-6))/((-1)/p). Suppose 2*y + 5*u - 44 = -2*y, -u + 11 = y. What is the highest common divisor of z and y?
11
Let t = -522 + 546. What is the greatest common factor of t and 184?
8
Suppose 0 = 6*h - 2*h + b + 11, -4*h + 2*b = 2. Let x = 27 + h. Let d = -16848 - -16923. What is the greatest common factor of x and d?
25
Suppose -i = -4*o + 761, 2*i = -5*o - 0*o + 935. Let t be 6/33 - 1603/(-77). Calculate the highest common factor of o and t.
21
Let f be 2*5 + (-23 - -25). Suppose 4*k - 36 = -2*g, -4*k = g + f - 40. Calculate the highest common divisor of g and 8.
8
Let y(i) = -i**3 - 14*i**2 - 13*i. Let j be y(-13). Suppose j = 3*p - 4*p - 6. Let d be p/(-9) + 50/6. Calculate the greatest common divisor of 9 and d.
9
Suppose 3*o + r - 14 = 2, 4*o - 5*r = -4. Suppose y - o = -3*y. What is the greatest common divisor of 9 and y?
1
Let r be (-4)/12 - 327/(-9). Let p(h) = h. Let o be p(6). Let l be ((-3)/o - -2)*12. What is the highest common factor of l and r?
18
Let b(f) = -f - 2. Let j be b(-6). Let v(t) = -t**3 + 17*t**2 - 17*t + 21. Let l be v(16). Let u = l + 15. Calculate the highest common divisor of u and j.
4
Let r be (-132)/8*-4 + 4. Let l(w) = w**2 - 26*w + 28. Let g be l(26). Calculate the greatest common divisor of g and r.
14
Suppose 10*d - 4*d - 84 = 0. Suppose 3*x - 2*q = 48, x = 2*q - 0*q + 20. What is the highest common divisor of d and x?
14
Let c be (-4)/(-16)*2*28. Let s be (-3 - 19)*(-6 + -1). What is the highest common factor of c and s?
14
Let q = 22 + -24. Let h be 143*2*(-1)/q. What is the highest common factor of 13 and h?
13
Let m be 235/3 - (4 + 85/(-15)). What is the highest common factor of m and 40?
40
Let s = -15 - -32. Let m = s + -12. Suppose 2*f = 2*g - 26, 15*g - 11*g = f + 58. Calculate the highest common divisor of m and g.
5
Suppose 7*d = 272 - 153. Let c be (-1)/((-3)/(-3))*-119. What is the highest common divisor of c and d?
17
Let z = -58 - -112. Suppose -4*d + z = -d. What is the greatest common divisor of 45 and d?
9
Let q be (-4)/8 - (-2)/4. Suppose 4*w - 249 + 721 = q. Let k = -62 - w. What is the highest common factor of k and 7?
7
Suppose -3*a - 105 + 513 = 0. Calculate the highest common factor of a and 8.
8
Let r(z) = z + 118*z**2 - 237*z**2 + 117*z**2 + 4*z**3. Let w be (-3)/(-2)*(-2)/(-3). Let q be r(w). What is the highest common factor of 9 and q?
3
Let m = 1 + 3. Suppose 0 = -x + m. Suppose 3*i + 9 = 21. What is the greatest common divisor of i and x?
4
Suppose 10*o - 4 = 26. Suppose -o*m + 20 = -76. What is the highest common divisor of m and 48?
16
Let o be 111/(8/(-28)*-14 + -1). Calculate the highest common divisor of o and 1147.
37
Let o = 17 - -13. Suppose -2*q - 2*v = -o, -q + 7 + 23 = -2*v. Let l(y) = y + 15. Let a be l(-7). Calculate the highest common factor of q and a.
4
Suppose 40 = -5*x + 3*x. Let c = 76 + x. Calculate the highest common divisor of c and 28.
28
Let p be (-132)/66 + (10 - 0). Calculate the highest common divisor of p and 104.
8
Suppose -4*h - 11 = 17. Let b = h - -22. Suppose 81*n - 180 = 77*n. Calculate the greatest common factor of n and b.
15
Let i(f) = f**3 + 12*f**2 + 9*f - 2. Suppose 5*t - 2*h + 55 = 5, 4*t + 4*h = -40. Let o be i(t). Calculate the highest common factor of o and 36.
36
Suppose -4*l = -3*m + 18, 0 = -3*m + 2*l + 6 + 6. Suppose -r - 56 = 4*y - 141, -5*y = 2*r - 104. What is the highest common factor of y and m?
2
Suppose 0 = -4*h - 16, -13*g = -18*g - 3*h + 243. Calculate the highest common divisor of g and 408.
51
Suppose u = 3 + 67. Let d = u - 62. What is the highest common factor of 4 and d?
4
Let w = 116 + -196. Let u = w + 119. Calculate the greatest common factor of 13 and u.
13
Let v = -16 + 22. Let b = 9 + v. What is the highest common factor of 165 and b?
15
Let w = -2398 - -4441. Calculate the highest common divisor of 18 and w.
9
Let w(j) = 2*j + 63. Let d be w(-24). Let i(z) = 2*z + 15. Let b be i(d). Calculate the greatest common divisor of b and 15.
15
Let a(m) = 26 - 5*m**3 + 4*m**3 - 4*m**2 + 17*m**2 - 14*m. Let y be a(12). Calculate the highest common factor of 3 and y.
1
Let m be (60/(-9))/(22/(-297)). Suppose 5*f - 110 = -0*f. Suppose 2*t - f = -4. What is the greatest common factor of m and t?
9
Suppose -4*c - 2*y = -16, 3 + 3 = 3*y. Let l = 35 + -29. Calculate the greatest common factor of l and c.
3
Let y = 1051 - 648. Calculate the greatest common divisor of y and 13.
13
Let p(y) = 20*y**2 - y + 1. Let b be p(1). Let g be 1*-26*(-30)/((-27)/(-9)). Calculate the highest common factor of g and b.
20
Let x = -1388 - -1408. Let h = -7 + 15. What is the highest common divisor of h and x?
4
Suppose 4 = 5*n + 14, -30 = -2*a - n. Calculate the highest common factor of a and 104.
8
Let z = 66 + 302. Suppose -172 = -4*b + z. Suppose 3*j + b = 4*j. Calculate the greatest common factor of j and 15.
15
Let r(c) = c**2 - 16*c + 60. Let g be r(28). What is the highest common factor of